{"id":1663,"date":"2021-03-31T11:32:39","date_gmt":"2021-03-31T11:32:39","guid":{"rendered":"http:\/\/floch.solas-conseil.com\/?page_id=1663"},"modified":"2021-03-31T11:32:39","modified_gmt":"2021-03-31T11:32:39","slug":"demarches-apres-deces","status":"publish","type":"page","link":"https:\/\/floch.solas-conseil.com\/index.php\/demarches-apres-deces\/","title":{"rendered":"D\u00e9marches apr\u00e8s d\u00e9c\u00e8s"},"content":{"rendered":"<p>[vc_row][vc_column][vc_column_text]Nous vous proposons un service complet d\u2019aide aux d\u00e9marches apr\u00e8s d\u00e9c\u00e8s. Ce service se compose d\u2019un guide et d\u2019un outil SIMPLIDEMARCHES qui vous permet d\u2019\u00e9diter directement depuis cette page, tous vos courriers apr\u00e8s d\u00e9c\u00e8s.<\/p>\n<p>Pour acc\u00e9der \u00e0 SIMPLIDEMARCHES, munissez-vous de votre code d\u2019acc\u00e8s situ\u00e9 dans votre guide et cliquez sur le lien ci-apr\u00e8s :[\/vc_column_text][vc_empty_space height=\u00a0\u00bb30px\u00a0\u00bb][vc_single_image image=\u00a0\u00bb1664&Prime; img_size=\u00a0\u00bbfull\u00a0\u00bb alignment=\u00a0\u00bbcenter\u00a0\u00bb onclick=\u00a0\u00bbcustom_link\u00a0\u00bb img_link_target=\u00a0\u00bb_blank\u00a0\u00bb link=\u00a0\u00bbhttps:\/\/www.simplidemarches.fr\/\u00a0\u00bb][vc_empty_space height=\u00a0\u00bb80px\u00a0\u00bb][vc_column_text]<\/p>\n<h4 style=\"text-align: center;\"><span style=\"color: #339966;\">INFORMATIONS PR\u00c9ALABLES \u00c0 LIRE AVANT D\u2019ENTREPRENDRE LES PREMI\u00c8RES D\u00c9MARCHES ADMINISTRATIVES APR\u00c8S D\u00c9C\u00c8S<\/span><\/h4>\n<p>[\/vc_column_text][vc_empty_space height=\u00a0\u00bb80px\u00a0\u00bb][\/vc_column][\/vc_row][vc_row][vc_column width=\u00a0\u00bb1\/4&Prime;][vc_single_image image=\u00a0\u00bb1665&Prime; img_size=\u00a0\u00bbfull\u00a0\u00bb alignment=\u00a0\u00bbcenter\u00a0\u00bb][\/vc_column][vc_column width=\u00a0\u00bb3\/4&Prime;][vc_column_text]<\/p>\n<h5>I \u2013 LA SUCCESSION<\/h5>\n<p>Avant d\u2019entreprendre toute d\u00e9marche administrative apr\u00e8s un d\u00e9c\u00e8s, les h\u00e9ritiers doivent savoir s\u2019ils acceptent ou refusent la succession du d\u00e9funt. Cette r\u00e8gle est tr\u00e8s importante car des actes anodins (encaisser des sommes dues au d\u00e9funt, r\u00e9gler une de ses factures, d\u00e9m\u00e9nager son logement\u2026), peuvent valoir acceptation de la succession. Il est donc tr\u00e8s important d\u2019avoir une id\u00e9e assez pr\u00e9cise de la situation financi\u00e8re du d\u00e9funt.<\/p>\n<p><strong>3 options successorales s\u2019offrent ainsi aux h\u00e9ritiers :<\/strong><\/p>\n<p><strong>1) L\u2019acceptation pure et simple :<\/strong><\/p>\n<p>L\u2019h\u00e9ritier qui accepte \u00ab purement et simplement \u00bb la succession peut disposer des biens du d\u00e9funt et r\u00e9aliser les d\u00e9marches administratives. Il supportera alors toutes les charges de la succession. Par ailleurs, pour prouver sa qualit\u00e9 d\u2019h\u00e9ritier, il devra en fonction de la situation fournir un certificat d\u2019h\u00e9r\u00e9dit\u00e9 ou un acte de notori\u00e9t\u00e9 (cf. III).<\/p>\n<p>&nbsp;<\/p>\n<p><strong>2) L\u2019acceptation \u00e0 concurrence de l\u2019actif net successoral :<\/strong><\/p>\n<p>(Autrefois appel\u00e9e \u00ab acceptation sous b\u00e9n\u00e9fice d\u2019inventaire \u00bb) En cas de doute quant au patrimoine du d\u00e9funt, l\u2019h\u00e9ritier doit agir prudemment. Il lui serait effectivement pr\u00e9judiciable d\u2019accepter une succession d\u00e9ficitaire, devant alors supporter les dettes du d\u00e9funt. Ainsi la loi pr\u00e9voit que l\u2019h\u00e9ritier peut accepter une succession \u00e0 concurrence de l\u2019actif net. Cela signifie qu\u2019il ne paiera les dettes qu\u2019\u00e0 hauteur de ce qu\u2019il recueillera de la succession. Dans ce cas, il sera n\u00e9cessaire de pr\u00e9ciser dans chaque courrier ce choix successoral. L\u2019h\u00e9ritier devra alors effectuer une d\u00e9claration au greffe du tribunal de grande instance (TGI) du derniere domicile du d\u00e9funt (ou au greffe du tribunal d\u2019\u00ecnstance (TI du dernier domicile du d\u00e9funt lorsqu\u2019il r\u00e9sidait dans les d\u00e9partements du Bas-Rhin, du Haut- Rhin et de la Moselle) ou \u00e9galement devant notaire si la succession est ouverte depuis le 1er novembre 2017. Un inventaire \u00e9tabli dans les deux mois apr\u00e8s le d\u00e9c\u00e8s devra d\u00e9crire la consistance de la succession.<\/p>\n<p><strong>3) La renonciation :<\/strong><\/p>\n<p>La loi pr\u00e9voit qu\u2019un h\u00e9ritier peut refuser une succession lorsque celle-ci est, entre autres, d\u00e9ficitaire. En cas de renonciation, l\u2019h\u00e9ritier devra informer les organismes auxquels \u00e9tait li\u00e9 le d\u00e9funt de sa d\u00e9cision en leur adressant l\u2019acte de renonciation d\u00e9livr\u00e9 par le greffe du Tribunal de Grande Instance. L\u2019h\u00e9ritier perdra donc sa qualit\u00e9 d\u2019h\u00e9ritier et ne pourra \u00eatre tenu de payer les dettes, sachant que, depuis janvier 2007, la part de cet h\u00e9ritier en ligne directe est recueillie par ses \u00ab repr\u00e9sentants \u00bb (ses enfants ou petits-enfants), ces repr\u00e9sentants pouvant naturellement renoncer \u00e0 leur tour.[\/vc_column_text][\/vc_column][\/vc_row][vc_row][vc_column][vc_empty_space][vc_separator color=\u00a0\u00bbgreen\u00a0\u00bb border_width=\u00a0\u00bb2&Prime;][vc_empty_space][\/vc_column][\/vc_row][vc_row][vc_column width=\u00a0\u00bb1\/4&Prime;][vc_single_image image=\u00a0\u00bb1666&Prime; img_size=\u00a0\u00bbfull\u00a0\u00bb alignment=\u00a0\u00bbcenter\u00a0\u00bb][\/vc_column][vc_column width=\u00a0\u00bb3\/4&Prime;][vc_column_text]<\/p>\n<h5>II \u2013 LE NOTAIRE<\/h5>\n<p>Il est obligatoire de faire appel \u00e0 un notaire pour g\u00e9rer la succession dans les cas suivants :<br \/>\n\u2022 la succession comprend au moins un bien immobilier (maison, appartement, terrain \u2026)<br \/>\n\u2022 le d\u00e9funt a r\u00e9dig\u00e9 un testament.<br \/>\n\u2022 une donation entre \u00e9poux ou un contrat de mariage a \u00e9t\u00e9 \u00e9tabli (en cas de conjoint survivant).<\/p>\n<p>En dehors de ces cas de figure, les h\u00e9ritiers pourront g\u00e9rer seuls, s\u2019ils le souhaitent, la succession.[\/vc_column_text][\/vc_column][\/vc_row][vc_row][vc_column][vc_empty_space][vc_separator color=\u00a0\u00bbgreen\u00a0\u00bb border_width=\u00a0\u00bb2&Prime;][vc_empty_space][\/vc_column][\/vc_row][vc_row][vc_column width=\u00a0\u00bb1\/4&Prime;][vc_single_image image=\u00a0\u00bb1667&Prime; img_size=\u00a0\u00bbfull\u00a0\u00bb alignment=\u00a0\u00bbcenter\u00a0\u00bb][\/vc_column][vc_column width=\u00a0\u00bb3\/4&Prime;][vc_column_text]<\/p>\n<h5>III \u2013 L\u2019ATTESTATION, LE CERTIFICAT D\u2019H\u00c9R\u00c9DIT\u00c9 ET L\u2019ACTE DE NOTORI\u00c9T\u00c9<\/h5>\n<p><strong>L\u2019attestation :<\/strong> en cas de succession inf\u00e9rieure \u00e0 5 000 \u20ac (hors assurance-vie), vous pouvez prouver votre qualit\u00e9 d\u2019h\u00e9ritier par une attestation sign\u00e9e de l\u2019ensemble des h\u00e9ritiers. Cette attestation (qui remplace le certificat d\u2019h\u00e9r\u00e9dit\u00e9 (d\u00e9livr\u00e9 de plus en plus rarement par les mairies) doit \u00eatre sign\u00e9e par l\u2019ensemble des h\u00e9ritiers et attester :<\/p>\n<p>\u2022 Qu\u2019il n\u2019existe pas de testament, ni d\u2019autres h\u00e9ritiers du d\u00e9funt ;<br \/>\n\u2022 Qu\u2019il n\u2019existe pas de contrat de mariage;<br \/>\n\u2022 Que les h\u00e9ritiers autorisent le porteur du document \u00e0 percevoir pour leur compte les sommes figurant sur les comptes du d\u00e9funt ou \u00e0 cl\u00f4turer ces derniers ;<br \/>\n\u2022 Qu\u2019il n\u2019y a ni proc\u00e8s, ni contestation en cours concernant la qualit\u00e9 d\u2019h\u00e9ritier ou la composition de la succession ;<br \/>\n\u2022 Que la succession ne comporte aucun bien immobilier.<\/p>\n<p>A cette attestation, il conviendra de joindre les documents compl\u00e9mentaires suivants :<\/p>\n<p>\u2022 Acte de naissance de l\u2019h\u00e9ritier et de chaque ayant-droit d\u00e9sign\u00e9;<br \/>\n\u2022 Acte de naissance du d\u00e9funt et copie int\u00e9grale de son acte de d\u00e9c\u00e8s;<br \/>\n\u2022 Extrait d\u2019acte de mariage du d\u00e9funt (si n\u00e9cessaire);<br \/>\n\u2022 Certificat d\u2019absence d\u2019inscription de disposition de derni\u00e8res volont\u00e9s (consulter le Fichier central des dispositions des derni\u00e8res volont\u00e9s CDDV: https:\/\/www.adsn.notaires.fr).<\/p>\n<p><strong>L\u2019acte de notori\u00e9t\u00e9 :<\/strong> il permet de r\u00e9cup\u00e9rer les sommes sup\u00e9rieures \u00e0 5 000 \u20ac (hors assurance(s)-vie). Ce document payant, d\u00e9livr\u00e9 exclusivement par un notaire, indique qui sont les h\u00e9ritiers du d\u00e9funt et d\u00e9termine dans quelles proportions ces personnes h\u00e9ritent. Le fait de solliciter un notaire pour la d\u00e9livrance de cet acte n\u2019implique pas qu\u2019il devra g\u00e9rer la succession.[\/vc_column_text][\/vc_column][\/vc_row][vc_row][vc_column][vc_empty_space][vc_separator color=\u00a0\u00bbgreen\u00a0\u00bb border_width=\u00a0\u00bb2&Prime;][vc_empty_space][\/vc_column][\/vc_row][vc_row][vc_column width=\u00a0\u00bb1\/4&Prime;][vc_single_image image=\u00a0\u00bb1668&Prime; img_size=\u00a0\u00bbfull\u00a0\u00bb alignment=\u00a0\u00bbcenter\u00a0\u00bb][\/vc_column][vc_column width=\u00a0\u00bb3\/4&Prime;][vc_column_text]<\/p>\n<h5>IV \u2013 LES D\u00c9LAIS D\u2019ENVOI DES COURRIERS<\/h5>\n<p>Les d\u00e9lais d\u2019envoi des courriers varient selon les organismes :<\/p>\n<p><strong>D\u00e9marches \u00e0 r\u00e9aliser de pr\u00e9f\u00e9rence dans la semaine qui suit le d\u00e9c\u00e8s :<\/strong><br \/>\nASSURANCE MALADIE MUTUELLE EMPLOYEUR\/POLE EMPLOI BANQUES<\/p>\n<p><strong>D\u00e9marches \u00e0 r\u00e9aliser de pr\u00e9f\u00e9rence dans le mois qui suit le d\u00e9c\u00e8s :<\/strong><br \/>\nCREDITS RETRAITE ASSURANCES<\/p>\n<p><strong>D\u00e9marches \u00e0 r\u00e9aliser de pr\u00e9f\u00e9rence dans les 6 mois qui suivent le d\u00e9c\u00e8s :<\/strong> IMPOTS\/TRESORERIE BAIL\/SYNDIC ABONNEMENTS[\/vc_column_text][\/vc_column][\/vc_row][vc_row][vc_column][vc_empty_space][vc_separator color=\u00a0\u00bbgreen\u00a0\u00bb border_width=\u00a0\u00bb2&Prime;][vc_empty_space][\/vc_column][\/vc_row]<\/p>\n","protected":false},"excerpt":{"rendered":"<p>[vc_row][vc_column][vc_column_text]Nous vous proposons un service complet d\u2019aide aux d\u00e9marches apr\u00e8s d\u00e9c\u00e8s. Ce service se compose d\u2019un guide et d\u2019un outil SIMPLIDEMARCHES qui vous permet d\u2019\u00e9diter directement depuis cette page, tous vos courriers apr\u00e8s d\u00e9c\u00e8s. Pour acc\u00e9der \u00e0 SIMPLIDEMARCHES, munissez-vous de votre code d\u2019acc\u00e8s situ\u00e9 dans votre guide et cliquez sur le lien ci-apr\u00e8s :[\/vc_column_text][vc_empty_space height=\u00a0\u00bb30px\u00a0\u00bb][vc_single_image [&hellip;]<\/p>\n","protected":false},"author":1,"featured_media":0,"parent":0,"menu_order":0,"comment_status":"closed","ping_status":"closed","template":"","meta":{"footnotes":""},"class_list":["post-1663","page","type-page","status-publish","hentry"],"_links":{"self":[{"href":"https:\/\/floch.solas-conseil.com\/index.php\/wp-json\/wp\/v2\/pages\/1663","targetHints":{"allow":["GET"]}}],"collection":[{"href":"https:\/\/floch.solas-conseil.com\/index.php\/wp-json\/wp\/v2\/pages"}],"about":[{"href":"https:\/\/floch.solas-conseil.com\/index.php\/wp-json\/wp\/v2\/types\/page"}],"author":[{"embeddable":true,"href":"https:\/\/floch.solas-conseil.com\/index.php\/wp-json\/wp\/v2\/users\/1"}],"replies":[{"embeddable":true,"href":"https:\/\/floch.solas-conseil.com\/index.php\/wp-json\/wp\/v2\/comments?post=1663"}],"version-history":[{"count":2,"href":"https:\/\/floch.solas-conseil.com\/index.php\/wp-json\/wp\/v2\/pages\/1663\/revisions"}],"predecessor-version":[{"id":1670,"href":"https:\/\/floch.solas-conseil.com\/index.php\/wp-json\/wp\/v2\/pages\/1663\/revisions\/1670"}],"wp:attachment":[{"href":"https:\/\/floch.solas-conseil.com\/index.php\/wp-json\/wp\/v2\/media?parent=1663"}],"curies":[{"name":"wp","href":"https:\/\/api.w.org\/{rel}","templated":true}]}}