{"id":1683,"date":"2021-03-31T12:03:25","date_gmt":"2021-03-31T12:03:25","guid":{"rendered":"http:\/\/floch.solas-conseil.com\/?page_id=1683"},"modified":"2021-03-31T12:03:25","modified_gmt":"2021-03-31T12:03:25","slug":"devis-marbrerie","status":"publish","type":"page","link":"https:\/\/floch.solas-conseil.com\/index.php\/devis-marbrerie\/","title":{"rendered":"Devis Marbrerie"},"content":{"rendered":"<p>[vc_row][vc_column][vc_column_text]<\/p>\n<div class=\"caldera-grid\" id=\"caldera_form_1\" data-cf-ver=\"1.9.4\" data-cf-form-id=\"CF605e12a5c8b02\"><div id=\"caldera_notices_1\" data-spinner=\"https:\/\/floch.solas-conseil.com\/wp-admin\/images\/spinner.gif\"><\/div><form data-instance=\"1\" class=\"CF605e12a5c8b02 caldera_forms_form cfajax-trigger\" method=\"POST\" enctype=\"multipart\/form-data\" id=\"CF605e12a5c8b02_1\" data-form-id=\"CF605e12a5c8b02\" aria-label=\"Devis Marbrerie\" data-target=\"#caldera_notices_1\" data-template=\"#cfajax_CF605e12a5c8b02-tmpl\" data-cfajax=\"CF605e12a5c8b02\" data-load-element=\"_parent\" data-load-class=\"cf_processing\" data-post-disable=\"0\" data-action=\"cf_process_ajax_submit\" data-request=\"https:\/\/floch.solas-conseil.com\/cf-api\/CF605e12a5c8b02\" data-hiderows=\"true\">\r\n<input type=\"hidden\" id=\"_cf_verify_CF605e12a5c8b02\" name=\"_cf_verify\" value=\"5cbc04acda\"  data-nonce-time=\"1776421371\" \/><input type=\"hidden\" name=\"_wp_http_referer\" value=\"\/index.php\/wp-json\/wp\/v2\/pages\/1683\" \/><div id=\"cf2-CF605e12a5c8b02_1\"><\/div><input type=\"hidden\" name=\"_cf_frm_id\" value=\"CF605e12a5c8b02\">\r\n<input type=\"hidden\" name=\"_cf_frm_ct\" value=\"1\">\r\n<input type=\"hidden\" name=\"cfajax\" value=\"CF605e12a5c8b02\">\r\n<input type=\"hidden\" name=\"_cf_cr_pst\" value=\"1683\">\r\n<div class=\"hide\" style=\"display:none; overflow:hidden;height:0;width:0;\">\r\n<label>Twitter<\/label><input type=\"text\" name=\"twitter\" value=\"\" autocomplete=\"off\">\r\n<\/div><div id=\"CF605e12a5c8b02_1-row-1\"  class=\"row  first_row\"><div  class=\"col-sm-9  first_col\"><div class=\"\"><h2>Demandez votre devis Marbrerie<br \/>\n(gratuit et sans engagement)<\/p>\n<h2\/>\n<\/div><\/div><div  class=\"col-sm-3  last_col\"><\/div><\/div><div id=\"CF605e12a5c8b02_1-row-2\"  class=\"row \"><div  class=\"col-sm-12  single\"><hr id=\"fld_1142139_1\" class=\"\" style=\"width: 100%\" \/><\/div><\/div><div id=\"CF605e12a5c8b02_1-row-3\"  class=\"row \"><div  class=\"col-sm-6  first_col\"><div class=\"\"><h3>Travaux demand\u00e9s<\/p>\n<h3\/>\n<\/div><div data-field-wrapper=\"fld_1664962\" class=\"form-group\" id=\"fld_1664962_1-wrap\">\r\n\t<label id=\"fld_1664962Label\" for=\"fld_1664962_1\" class=\"control-label\">Ville du cimeti\u00e8re:<\/label>\r\n\t<div class=\"\">\r\n\t\t<input    type=\"text\" data-field=\"fld_1664962\" class=\" form-control\" id=\"fld_1664962_1\" name=\"fld_1664962\" value=\"\" data-type=\"text\"   aria-labelledby=\"fld_1664962Label\" >\t\t\t<\/div>\r\n<\/div>\r\n<div data-field-wrapper=\"fld_4484786\" class=\"form-group\" id=\"fld_4484786_1-wrap\">\r\n\t<label id=\"fld_4484786Label\" for=\"fld_4484786_1\" class=\"control-label\">Nom du cimeti\u00e8re:<\/label>\r\n\t<div class=\"\">\r\n\t\t<input    type=\"text\" data-field=\"fld_4484786\" class=\" form-control\" id=\"fld_4484786_1\" name=\"fld_4484786\" value=\"\" data-type=\"text\"   aria-labelledby=\"fld_4484786Label\" >\t\t\t<\/div>\r\n<\/div>\r\n<div data-field-wrapper=\"fld_3393278\" class=\"form-group\" id=\"fld_3393278_1-wrap\">\r\n\t<label id=\"fld_3393278Label\" for=\"fld_3393278_1\" class=\"control-label\">Code Postal:<\/label>\r\n\t<div class=\"\">\r\n\t\t<input    type=\"text\" data-field=\"fld_3393278\" class=\" form-control\" id=\"fld_3393278_1\" name=\"fld_3393278\" value=\"\" data-type=\"text\"   aria-labelledby=\"fld_3393278Label\" >\t\t\t<\/div>\r\n<\/div>\r\n<div data-field-wrapper=\"fld_5162742\" class=\"form-group\" id=\"fld_5162742_1-wrap\">\r\n\t<label id=\"fld_5162742Label\" for=\"fld_5162742_1\" class=\"control-label\">Type de travaux (cocher un ou plusieurs):<\/label>\r\n\t<div class=\"\">\r\n\t\t\t\t\t\t\t\t\t\t\t<div class=\"checkbox\">\n\t\t\t\t\n                <label                         for=\"fld_5162742_1_opt1935227\"\n                >\n                            <input\n                                                                type=\"checkbox\"\n                                data-label=\"Restauration\/modification\"\n                                data-field=\"fld_5162742\"\n                                id=\"fld_5162742_1_opt1935227\"\n                                class=\"fld_5162742_1\"\n                                name=\"fld_5162742[opt1935227]\"\n                                value=\"Restauration\/modification\"\n                                                                data-type=\"checkbox\"\n                                data-checkbox-field=\"fld_5162742_1\"\n                                                                data-calc-value=\"Restauration\/modification\"\n                            >\n                    Restauration\/modification                <\/label>\n\n                \t\t\t\t\t<\/div>\n\t\t\t\t\t\t\t\t\t\t\t\t\t\t\t\t\t<div class=\"checkbox\">\n\t\t\t\t\n                <label                         for=\"fld_5162742_1_opt1239665\"\n                >\n                            <input\n                                                                type=\"checkbox\"\n                                data-label=\"Gravure\"\n                                data-field=\"fld_5162742\"\n                                id=\"fld_5162742_1_opt1239665\"\n                                class=\"fld_5162742_1\"\n                                name=\"fld_5162742[opt1239665]\"\n                                value=\"Gravure\"\n                                                                data-type=\"checkbox\"\n                                data-checkbox-field=\"fld_5162742_1\"\n                                                                data-calc-value=\"Gravure\"\n                            >\n                    Gravure                <\/label>\n\n                \t\t\t\t\t<\/div>\n\t\t\t\t\t\t\t\t\t\t\t\t\t\t\t\t\t<div class=\"checkbox\">\n\t\t\t\t\n                <label                         for=\"fld_5162742_1_opt1638115\"\n                >\n                            <input\n                                                                type=\"checkbox\"\n                                data-label=\"Entretien\"\n                                data-field=\"fld_5162742\"\n                                id=\"fld_5162742_1_opt1638115\"\n                                class=\"fld_5162742_1\"\n                                name=\"fld_5162742[opt1638115]\"\n                                value=\"Entretien\"\n                                                                data-type=\"checkbox\"\n                                data-checkbox-field=\"fld_5162742_1\"\n                                                                data-calc-value=\"Entretien\"\n                            >\n                    Entretien                <\/label>\n\n                \t\t\t\t\t<\/div>\n\t\t\t\t\t\t\t\t\t\t\t\t\t\t\t\t\t<div class=\"checkbox\">\n\t\t\t\t\n                <label                         for=\"fld_5162742_1_opt1483516\"\n                >\n                            <input\n                                                                type=\"checkbox\"\n                                data-label=\"Cr\u00e9ation \/ pose\"\n                                data-field=\"fld_5162742\"\n                                id=\"fld_5162742_1_opt1483516\"\n                                class=\"fld_5162742_1\"\n                                name=\"fld_5162742[opt1483516]\"\n                                value=\"Cr\u00e9ation \/ pose\"\n                                                                data-type=\"checkbox\"\n                                data-checkbox-field=\"fld_5162742_1\"\n                                                                data-calc-value=\"Cr\u00e9ation \/ pose\"\n                            >\n                    Cr\u00e9ation \/ pose                <\/label>\n\n                \t\t\t\t\t<\/div>\n\t\t\t\t\t\t\t\t\t\t\t<\/div>\r\n<\/div>\r\n<div data-field-wrapper=\"fld_607330\" class=\"form-group\" id=\"fld_607330_1-wrap\">\r\n\t<label id=\"fld_607330Label\" for=\"fld_607330_1\" class=\"control-label\">Travaux \u00e0 effectuer sur (cocher un ou plusieurs) :<\/label>\r\n\t<div class=\"\">\r\n\t\t\t\t\t\t\t\t\t\t\t<div class=\"checkbox\">\n\t\t\t\t\n                <label                         for=\"fld_607330_1_opt1568632\"\n                >\n                            <input\n                                                                type=\"checkbox\"\n                                data-label=\"Un caveau\"\n                                data-field=\"fld_607330\"\n                                id=\"fld_607330_1_opt1568632\"\n                                class=\"fld_607330_1\"\n                                name=\"fld_607330[opt1568632]\"\n                                value=\"Un caveau\"\n                                                                data-type=\"checkbox\"\n                                data-checkbox-field=\"fld_607330_1\"\n                                                                data-calc-value=\"Un caveau\"\n                            >\n                    Un caveau                <\/label>\n\n                \t\t\t\t\t<\/div>\n\t\t\t\t\t\t\t\t\t\t\t\t\t\t\t\t\t<div class=\"checkbox\">\n\t\t\t\t\n                <label                         for=\"fld_607330_1_opt1350086\"\n                >\n                            <input\n                                                                type=\"checkbox\"\n                                data-label=\"Un Monument fun\u00e9raire\"\n                                data-field=\"fld_607330\"\n                                id=\"fld_607330_1_opt1350086\"\n                                class=\"fld_607330_1\"\n                                name=\"fld_607330[opt1350086]\"\n                                value=\"Un Monument fun\u00e9raire\"\n                                                                data-type=\"checkbox\"\n                                data-checkbox-field=\"fld_607330_1\"\n                                                                data-calc-value=\"Un Monument fun\u00e9raire\"\n                            >\n                    Un Monument fun\u00e9raire                <\/label>\n\n                \t\t\t\t\t<\/div>\n\t\t\t\t\t\t\t\t\t\t\t\t\t\t\t\t\t<div class=\"checkbox\">\n\t\t\t\t\n                <label                         for=\"fld_607330_1_opt1404894\"\n                >\n                            <input\n                                                                type=\"checkbox\"\n                                data-label=\"Une pierre tombale simple\"\n                                data-field=\"fld_607330\"\n                                id=\"fld_607330_1_opt1404894\"\n                                class=\"fld_607330_1\"\n                                name=\"fld_607330[opt1404894]\"\n                                value=\"Une pierre tombale simple\"\n                                                                data-type=\"checkbox\"\n                                data-checkbox-field=\"fld_607330_1\"\n                                                                data-calc-value=\"Une pierre tombale simple\"\n                            >\n                    Une pierre tombale simple                <\/label>\n\n                \t\t\t\t\t<\/div>\n\t\t\t\t\t\t\t\t\t\t\t<\/div>\r\n<\/div>\r\n<\/div><div  class=\"col-sm-6  last_col\"><\/div><\/div><div id=\"CF605e12a5c8b02_1-row-4\"  class=\"row \"><div  class=\"col-sm-12  single\"><hr id=\"fld_4760796_1\" class=\"\" style=\"width: 100%\" \/><\/div><\/div><div id=\"CF605e12a5c8b02_1-row-5\"  class=\"row \"><div  class=\"col-sm-12  single\"><div data-field-wrapper=\"fld_6447776\" class=\"form-group\" id=\"fld_6447776_1-wrap\">\r\n\t<label id=\"fld_6447776Label\" for=\"fld_6447776_1\" class=\"control-label\">Commentaires\/informations compl\u00e9mentaires<\/label>\r\n\t<div class=\"\">\r\n\t\t<textarea name=\"fld_6447776\" value=\"\" data-field=\"fld_6447776\" class=\"form-control\" id=\"fld_6447776_1\" rows=\"4\"    aria-labelledby=\"fld_6447776Label\" ><\/textarea>\n\t\t\t<\/div>\r\n<\/div>\r\n<\/div><\/div><div id=\"CF605e12a5c8b02_1-row-6\"  class=\"row \"><div  class=\"col-sm-12  single\"><hr id=\"fld_2678282_1\" class=\"\" style=\"width: 100%\" \/><\/div><\/div><div id=\"CF605e12a5c8b02_1-row-7\"  class=\"row \"><div  class=\"col-sm-6  first_col\"><div class=\"\"><h3>Coordonn\u00e9es du demandeur<\/p>\n<h3\/>\n<\/div><\/div><div  class=\"col-sm-6  last_col\"><\/div><\/div><div id=\"CF605e12a5c8b02_1-row-8\"  class=\"row \"><div  class=\"col-sm-3  first_col\"><div data-field-wrapper=\"fld_9399077\" class=\"form-group\" id=\"fld_9399077_1-wrap\">\r\n\t<label id=\"fld_9399077Label\" for=\"fld_9399077_1\" class=\"control-label\">Civilit\u00e9<\/label>\r\n\t<div class=\"\">\r\n\t\t<select name=\"fld_9399077\" value=\"\" data-field=\"fld_9399077\" class=\"form-control\" id=\"fld_9399077_1\"    aria-labelledby=\"fld_9399077Label\" >\n\t\t<option value=\"\"><\/option>\r\n\t\t\t\t\t<option value=\"S\u00e9lectionnez\"  data-calc-value=\"S\u00e9lectionnez\" >\n\t\t\t\t\t\tS\u00e9lectionnez\t\t\t\t\t<\/option>\n\t\t\t\t\t\t\t\t\t\t<option value=\"Mlle\"  data-calc-value=\"Mlle\" >\n\t\t\t\t\t\tMlle\t\t\t\t\t<\/option>\n\t\t\t\t\t\t\t\t\t\t<option value=\"Mme\"  data-calc-value=\"Mme\" >\n\t\t\t\t\t\tMme\t\t\t\t\t<\/option>\n\t\t\t\t\t\t\t\t\t\t<option value=\"M\"  data-calc-value=\"M\" >\n\t\t\t\t\t\tM\t\t\t\t\t<\/option>\n\t\t\t\t\t\t\t<\/select>\n\t\t\t<\/div>\r\n<\/div>\r\n<div data-field-wrapper=\"fld_2023738\" class=\"form-group\" id=\"fld_2023738_1-wrap\">\r\n\t<label id=\"fld_2023738Label\" for=\"fld_2023738_1\" class=\"control-label\">Adresse<\/label>\r\n\t<div class=\"\">\r\n\t\t<input    type=\"text\" data-field=\"fld_2023738\" class=\" form-control\" id=\"fld_2023738_1\" name=\"fld_2023738\" value=\"\" data-type=\"text\"   aria-labelledby=\"fld_2023738Label\" >\t\t\t<\/div>\r\n<\/div>\r\n<div data-field-wrapper=\"fld_7181960\" class=\"form-group\" id=\"fld_7181960_1-wrap\">\r\n\t<label id=\"fld_7181960Label\" for=\"fld_7181960_1\" class=\"control-label\">T\u00e9l\u00e9phone <span aria-hidden=\"true\" role=\"presentation\" class=\"field_required\" style=\"color:#ee0000;\">*<\/span><\/label>\r\n\t<div class=\"\">\r\n\t\t<input  data-inputmask=\"'mask': '9999999999'\"  required type=\"phone\" data-field=\"fld_7181960\" class=\" form-control\" id=\"fld_7181960_1\" name=\"fld_7181960\" value=\"\" data-type=\"phone\" aria-required=\"true\"   aria-labelledby=\"fld_7181960Label\" >\t\t\t<\/div>\r\n<\/div>\r\n<\/div><div  class=\"col-sm-3 \"><div data-field-wrapper=\"fld_76797\" class=\"form-group\" id=\"fld_76797_1-wrap\">\r\n\t<label id=\"fld_76797Label\" for=\"fld_76797_1\" class=\"control-label\">Nom <span aria-hidden=\"true\" role=\"presentation\" class=\"field_required\" style=\"color:#ee0000;\">*<\/span><\/label>\r\n\t<div class=\"\">\r\n\t\t<input   required type=\"text\" data-field=\"fld_76797\" class=\" form-control\" id=\"fld_76797_1\" name=\"fld_76797\" value=\"\" data-type=\"text\" aria-required=\"true\"   aria-labelledby=\"fld_76797Label\" >\t\t\t<\/div>\r\n<\/div>\r\n<div data-field-wrapper=\"fld_8329528\" class=\"form-group\" id=\"fld_8329528_1-wrap\">\r\n\t<label id=\"fld_8329528Label\" for=\"fld_8329528_1\" class=\"control-label\">Code postal<\/label>\r\n\t<div class=\"\">\r\n\t\t<input    type=\"number\" data-field=\"fld_8329528\" class=\" form-control\" id=\"fld_8329528_1\" name=\"fld_8329528\" value=\"\" data-type=\"number\" data-parsley-type=\"number\"   aria-labelledby=\"fld_8329528Label\" >\t\t\t<\/div>\r\n<\/div>\r\n<div data-field-wrapper=\"fld_4670395\" class=\"form-group\" id=\"fld_4670395_1-wrap\">\r\n\t<label id=\"fld_4670395Label\" for=\"fld_4670395_1\" class=\"control-label\">Portable <span aria-hidden=\"true\" role=\"presentation\" class=\"field_required\" style=\"color:#ee0000;\">*<\/span><\/label>\r\n\t<div class=\"\">\r\n\t\t<input  data-inputmask=\"'mask': '9999999999'\"  required type=\"phone\" data-field=\"fld_4670395\" class=\" form-control\" id=\"fld_4670395_1\" name=\"fld_4670395\" value=\"\" data-type=\"phone\" aria-required=\"true\"   aria-labelledby=\"fld_4670395Label\" >\t\t\t<\/div>\r\n<\/div>\r\n<\/div><div  class=\"col-sm-3 \"><div data-field-wrapper=\"fld_791463\" class=\"form-group\" id=\"fld_791463_1-wrap\">\r\n\t<label id=\"fld_791463Label\" for=\"fld_791463_1\" class=\"control-label\">Pr\u00e9nom <span aria-hidden=\"true\" role=\"presentation\" class=\"field_required\" style=\"color:#ee0000;\">*<\/span><\/label>\r\n\t<div class=\"\">\r\n\t\t<input   required type=\"text\" data-field=\"fld_791463\" class=\" form-control\" id=\"fld_791463_1\" name=\"fld_791463\" value=\"\" data-type=\"text\" aria-required=\"true\"   aria-labelledby=\"fld_791463Label\" >\t\t\t<\/div>\r\n<\/div>\r\n<div data-field-wrapper=\"fld_5490137\" class=\"form-group\" id=\"fld_5490137_1-wrap\">\r\n\t<label id=\"fld_5490137Label\" for=\"fld_5490137_1\" class=\"control-label\">Ville<\/label>\r\n\t<div class=\"\">\r\n\t\t<input    type=\"text\" data-field=\"fld_5490137\" class=\" form-control\" id=\"fld_5490137_1\" name=\"fld_5490137\" value=\"\" data-type=\"text\"   aria-labelledby=\"fld_5490137Label\" >\t\t\t<\/div>\r\n<\/div>\r\n<div data-field-wrapper=\"fld_7362733\" class=\"form-group\" id=\"fld_7362733_1-wrap\">\r\n\t<label id=\"fld_7362733Label\" for=\"fld_7362733_1\" class=\"control-label\">Email <span aria-hidden=\"true\" role=\"presentation\" class=\"field_required\" style=\"color:#ee0000;\">*<\/span><\/label>\r\n\t<div class=\"\">\r\n\t\t<input   required type=\"email\" data-field=\"fld_7362733\" class=\" form-control\" id=\"fld_7362733_1\" name=\"fld_7362733\" value=\"\" data-type=\"email\" aria-required=\"true\"   aria-labelledby=\"fld_7362733Label\" >\t\t\t<\/div>\r\n<\/div>\r\n<\/div><div  class=\"col-sm-3  last_col\"><\/div><\/div><div id=\"CF605e12a5c8b02_1-row-9\"  class=\"row \"><div  class=\"col-sm-12  single\"><hr id=\"fld_7621837_1\" class=\"\" style=\"width: 100%\" \/><\/div><\/div><div id=\"CF605e12a5c8b02_1-row-10\"  class=\"row \"><div  class=\"col-sm-12  single\"><div class=\"\"><p>Les informations vous concernant sont n\u00e9cessaires aux fins d'ex\u00e9cution du service. Elles sont destin\u00e9es aux pompes fun\u00e8bres LE FLOC'H et ses Partenaires exclusivement. Conform\u00e9ment \u00e0 la loi \"Informatique & Libert\u00e9s\" du 6 janvier 1978, vous disposez d'un droit d'acc\u00e8s et de rectification sur ces donn\u00e9es, que vous pouvez exercer \u00e0 l'adresse suivante : pf.lefloch@orange.fr ou en adressant un courrier \u00e0 1, zone artisanale De Dioulan 29140 ROSPORDEN.<\/p>\n<p\/>\n<\/div><\/div><\/div><div id=\"CF605e12a5c8b02_1-row-11\"  class=\"row \"><div  class=\"col-sm-12  single\"><hr id=\"fld_7144383_1\" class=\"\" style=\"width: 100%\" \/><\/div><\/div><div id=\"CF605e12a5c8b02_1-row-12\"  class=\"row \"><div  class=\"col-sm-12  single\"><div data-field-wrapper=\"fld_5793707\" class=\"form-group\" id=\"fld_5793707_1-wrap\">\r\n<div class=\"\">\r\n\n<div class=\"checkbox-inline caldera-forms-consent-field\">\n    <input data-parsley-required=\"true\" data-parsley-group=\"fld_5793707_1\" data-parsley-multiple=\"fld_5793707_1\"        type=\"checkbox\" data-label=\"Acceptation\"\n        data-field=\"fld_5793707\"\n        id=\"fld_5793707_1\"\n        class=\"fld_5793707_1 option-required\"\n        name=\"fld_5793707\"\n        value=\"1\"\n        data-type=\"checkbox\"\n        data-checkbox-field=\"fld_5793707_1\"\n    >\n    <label for=\"fld_5793707_1\"\n           class=\"caldera-forms-gdpr-field-label\"\n           style=\"display:inline; margin-left: 0.5rem;\"\n    >\n        Acceptation        <p\n            class=\"caldera-forms-consent-field-agreement\"\n        >\n            En soumettant ce formulaire, j\u2019accepte que les informations saisies soient exploit\u00e9es dans le cadre de la demande de devis et de la relation commerciale qui en d\u00e9coulent.\n\u00ab Vous devez cliquer sur la case de consentement ci-dessus avant de pouvoir envoyer votre demande \u00bb        <\/p>\n        <a href=\"\"\n           target=\"_blank\"\n                title=\"Page de politique de confidentialit\u00e9\"\n            class=\"caldera-forms-consent-field-linked_text\"\n            >\n            http:\/\/floch.solas-conseil.com\/index.php\/mentions-legales\/        <\/a>\n    <\/label>\n    <span style=\"color:#ff0000;\">*<\/span>\n<\/div>\n\n<\/div>\r\n<\/div>\r\n<\/div><\/div><div id=\"CF605e12a5c8b02_1-row-13\"  class=\"row \"><div  class=\"col-sm-12  single\"><hr id=\"fld_3171866_1\" class=\"\" style=\"width: 100%\" \/><\/div><\/div><div id=\"CF605e12a5c8b02_1-row-14\"  class=\"row  last_row\"><div  class=\"col-sm-3  first_col\"><div data-field-wrapper=\"fld_5111128\" class=\"form-group\" id=\"fld_5111128_1-wrap\">\r\n<div class=\"\">\r\n\t<input  class=\"btn btn-default\" type=\"submit\" name=\"fld_5111128\" id=\"fld_5111128_1\" value=\"Envoyer\" data-field=\"fld_5111128\"  >\n<\/div>\r\n<\/div>\r\n\t<input class=\"button_trigger_1\" type=\"hidden\" name=\"fld_5111128\" id=\"fld_5111128_1_btn\" value=\"\" data-field=\"fld_5111128\"  \/>\n<\/div><div  class=\"col-sm-3 \"><\/div><div  class=\"col-sm-6  last_col\"><\/div><\/div><\/form>\r\n<\/div>\r\n\n<p>[\/vc_column_text][\/vc_column][\/vc_row]<\/p>\n","protected":false},"excerpt":{"rendered":"<p>[vc_row][vc_column][vc_column_text] [\/vc_column_text][\/vc_column][\/vc_row]<\/p>\n","protected":false},"author":1,"featured_media":0,"parent":0,"menu_order":0,"comment_status":"closed","ping_status":"closed","template":"","meta":{"footnotes":""},"class_list":["post-1683","page","type-page","status-publish","hentry"],"_links":{"self":[{"href":"https:\/\/floch.solas-conseil.com\/index.php\/wp-json\/wp\/v2\/pages\/1683","targetHints":{"allow":["GET"]}}],"collection":[{"href":"https:\/\/floch.solas-conseil.com\/index.php\/wp-json\/wp\/v2\/pages"}],"about":[{"href":"https:\/\/floch.solas-conseil.com\/index.php\/wp-json\/wp\/v2\/types\/page"}],"author":[{"embeddable":true,"href":"https:\/\/floch.solas-conseil.com\/index.php\/wp-json\/wp\/v2\/users\/1"}],"replies":[{"embeddable":true,"href":"https:\/\/floch.solas-conseil.com\/index.php\/wp-json\/wp\/v2\/comments?post=1683"}],"version-history":[{"count":1,"href":"https:\/\/floch.solas-conseil.com\/index.php\/wp-json\/wp\/v2\/pages\/1683\/revisions"}],"predecessor-version":[{"id":1684,"href":"https:\/\/floch.solas-conseil.com\/index.php\/wp-json\/wp\/v2\/pages\/1683\/revisions\/1684"}],"wp:attachment":[{"href":"https:\/\/floch.solas-conseil.com\/index.php\/wp-json\/wp\/v2\/media?parent=1683"}],"curies":[{"name":"wp","href":"https:\/\/api.w.org\/{rel}","templated":true}]}}